{"id":73,"date":"2015-04-01T19:21:47","date_gmt":"2015-04-01T18:21:47","guid":{"rendered":"http:\/\/fewo-service-bodensee.de\/?page_id=73"},"modified":"2019-04-08T10:00:00","modified_gmt":"2019-04-08T09:00:00","slug":"startseite","status":"publish","type":"page","link":"https:\/\/fewo-service-bodensee.de\/","title":{"rendered":"Startseite"},"content":{"rendered":"<p style=\"text-align: center;\">Sie haben eine <strong>Ferienwohnung am Bodensee<\/strong> und wenig Zeit, sich darum zu k\u00fcmmern?<\/p>\n<p style=\"text-align: center;\">Sie m\u00f6chten Ihre <strong>m\u00f6blierte Wohnung zeitweise vermieten<\/strong>?<\/p>\n<p style=\"text-align: center;\">Sie suchen jemanden, der die <strong>Verwaltung, Vermietung<\/strong> und <strong>Instandhaltung<\/strong> Ihrer Wohnung \u00fcbernimmt und zudem Ihre <strong>Vermietungsg\u00e4ste<\/strong> in Empfang nimmt und <strong>betreut<\/strong>?<\/p>\n<p style=\"text-align: center;\">Dann sind Sie hier genau richtig.<\/p>\n<p style=\"text-align: center;\">Wir freuen uns auf Ihre <a href=\"mailto:info@fewo-service-bodensee.de\" target=\"_blank\" rel=\"noopener\">Kontaktaufnahme<\/a>.<\/p>\n","protected":false},"excerpt":{"rendered":"<p>Sie haben eine Ferienwohnung am Bodensee und wenig Zeit, sich darum zu k\u00fcmmern? Sie m\u00f6chten Ihre m\u00f6blierte Wohnung zeitweise vermieten? Sie suchen jemanden, der die Verwaltung, Vermietung und Instandhaltung Ihrer Wohnung \u00fcbernimmt und zudem Ihre Vermietungsg\u00e4ste in Empfang nimmt und &hellip; <a href=\"https:\/\/fewo-service-bodensee.de\/\">Weiter<\/a><\/p>\n","protected":false},"author":1,"featured_media":0,"parent":0,"menu_order":0,"comment_status":"open","ping_status":"open","template":"","meta":{"footnotes":""},"class_list":["post-73","page","type-page","status-publish","hentry"],"_links":{"self":[{"href":"https:\/\/fewo-service-bodensee.de\/index.php?rest_route=\/wp\/v2\/pages\/73","targetHints":{"allow":["GET"]}}],"collection":[{"href":"https:\/\/fewo-service-bodensee.de\/index.php?rest_route=\/wp\/v2\/pages"}],"about":[{"href":"https:\/\/fewo-service-bodensee.de\/index.php?rest_route=\/wp\/v2\/types\/page"}],"author":[{"embeddable":true,"href":"https:\/\/fewo-service-bodensee.de\/index.php?rest_route=\/wp\/v2\/users\/1"}],"replies":[{"embeddable":true,"href":"https:\/\/fewo-service-bodensee.de\/index.php?rest_route=%2Fwp%2Fv2%2Fcomments&post=73"}],"version-history":[{"count":11,"href":"https:\/\/fewo-service-bodensee.de\/index.php?rest_route=\/wp\/v2\/pages\/73\/revisions"}],"predecessor-version":[{"id":458,"href":"https:\/\/fewo-service-bodensee.de\/index.php?rest_route=\/wp\/v2\/pages\/73\/revisions\/458"}],"wp:attachment":[{"href":"https:\/\/fewo-service-bodensee.de\/index.php?rest_route=%2Fwp%2Fv2%2Fmedia&parent=73"}],"curies":[{"name":"wp","href":"https:\/\/api.w.org\/{rel}","templated":true}]}}